by g.
48
Let m = 79 + 239. What is the remainder when m is divided by 16?
14
Let x be (-30)/(-3)*(-1)/(-2). Suppose -3 = -3*b, 2*o + 1 - 24 = -x*b. Calculate the remainder when o is divided by 5.
4
Let x(m) = -m**3 + 7*m**2 + 9*m. Let w be 8*(-1)/2 - -12. Let p be x(w). Let l = p + 0. Calculate the remainder when 29 is divided by l.
5
Suppose g = -2*g + 138. Let i(k) = 3*k**2 + 44*k + 45. Calculate the remainder when g is divided by i(-14).
12
Suppose 0 = -2*x + x - 20. Suppose -4*h = -1 + 121. Let w = x - h. Calculate the remainder when w is divided by 4.
2
Suppose 0*k - 3*k = -219. Suppose d = -d - a + 29, -5*d - 3*a = -k. Let z = 129 - 125. What is the remainder when d is divided by z?
2
Let n = -11 + 3. Let p = n + 19. Suppose -6 = 4*f - 26. Calculate the remainder when p is divided by f.
1
Let g(k) = -8*k + 3. Let r be g(6). Let b = 195 + r. What is the remainder when b is divided by 38?
36
Let a be (12/20)/(2/30). Let n(g) = -g**3 + 10*g**2 - 8*g - 1. Let r be n(a). Let u = r - 6. Calculate the remainder when u is divided by 1.
0
Suppose 2*u - 4*d - 342 = 0, 0*d = -2*u - d + 327. What is the remainder when u is divided by 40?
5
Let l(r) = -69*r - 16. Calculate the remainder when l(-14) is divided by 56.
54
Suppose -211 - 1033 = -4*l. Calculate the remainder when l is divided by 24.
23
Calculate the remainder when 6/(-33) + 1960/11 is divided by 5*(-5 + 3 - -6).
18
Let c = -35 + 36. Let d be (52/39)/(c/3). Suppose 2*j + 17 = -2*r + 61, 0 = d*r + 16. What is the remainder when 99 is divided by j?
21
Let x = -3 - -11. Suppose -x*d + 11*d = 354. What is the remainder when d is divided by 30?
28
Calculate the remainder when (-1)/(-5) - 78/15 - -92 is divided by 58.
29
Let i(v) be the third derivative of -v**4/24 + v**3/2 + 6*v**2. What is the remainder when 23 is divided by i(-5)?
7
Let q be 5 + 6/(18/(-15)). Suppose 4*g - 8 = 3*g + 5*p, 4*g - 2*p - 104 = q. Let w = -20 + 30. Calculate the remainder when g is divided by w.
8
Let u(b) = -b**2 + 19*b - 20. Suppose 5*d - 55 = 5*q, -2*d + 8 = 2*d + 5*q. Calculate the remainder when u(8) is divided by d.
5
Suppose 5*h - 26 = -3*s - s, 4*h = -2*s + 16. Let i = -23 - -19. Calculate the remainder when 1/(-1) - (i + -11) is divided by s.
2
Let r = -89 - -113. Calculate the remainder when r is divided by 10.
4
Let q be 1*(1 - -22) - 3. What is the remainder when q/(-90) + 544/18 is divided by 8?
6
Suppose 0*o + 22 = 3*o + l, -o + 11 = 4*l. Let i(b) = -b**3 + 7*b**2 + 4*b - 2. What is the remainder when 101 is divided by i(o)?
23
Suppose 5*u = -0*u. Suppose 4*z - 23 - 5 = u. What is the remainder when z is divided by 3?
1
Let j be 3 - (2/(-2))/((-1)/(-1)). Suppose 6*n = 4*b + n - 85, j*b = 2*n + 82. Calculate the remainder when 78 is divided by b.
18
Suppose -4*h + 18 = -2*v, 4*h - 3*v - 21 = h. Calculate the remainder when 63 is divided by (-3)/6 - (-27)/h.
11
Let r(f) = -2*f - 9. Let k be r(-7). Suppose k*h - 25 = -0*h. Let b = 297 + -293. Calculate the remainder when h is divided by b.
1
Suppose -19*w + 9651 = -7335. What is the remainder when w is divided by 39?
36
Let t(u) = 2*u**2 + 10*u - 6. Suppose -i + 3*h + 8 - 5 = 0, 4*i - 4*h = 12. Calculate the remainder when t(-6) is divided by i.
0
Suppose 4*h - 2*n = 416, 123 = h - n + 17. What is the remainder when h is divided by 39?
24
Suppose -156 - 78 = -18*b. What is the remainder when 269 is divided by b?
9
Let o = -5 - -12. Let c = -40 - -59. Let j = c + -17. Calculate the remainder when o is divided by j.
1
Suppose 27 = 3*c - 0*c. Let i = 91 + -58. What is the remainder when i is divided by c?
6
Suppose 4*k - 3*a = 61, 5*k + 53 = 7*k + 3*a. Calculate the remainder when 265 is divided by k.
18
Let y = 36 + -27. What is the remainder when 42 is divided by y?
6
Suppose -f - 8 = l + 2*l, -3*l + 22 = -5*f. Let m = 5 + l. Suppose -c = 3*v - 53, -m*c - 3*v = -106 - 61. What is the remainder when c is divided by 10?
8
Suppose 6*v - 12*v + 12 = 0. Suppose 0 = 2*w - v*b - 40 - 146, w = -b + 93. Calculate the remainder when w is divided by 5.
3
Suppose 5*z - o + 1 = 8, 4*z = 3*o - 1. Suppose 0 = -g + z*g - 15. Suppose g - 75 = -5*s. What is the remainder when 19 is divided by s?
7
Suppose 4*y - 4*m - 748 = 0, 0 = -17*y + 12*y + 2*m + 944. What is the remainder when y is divided by 48?
46
Suppose 0 = 4*x - 13*n + 9*n - 60, -61 = -4*x + 3*n. Calculate the remainder when x is divided by 15.
1
Let b(j) = 3*j - 3. Suppose 2*h - 40 = -3*h. Calculate the remainder when h is divided by b(2).
2
Suppose -4*s - 2*a + 358 = 0, 164 + 0 = 2*s + 4*a. Calculate the remainder when s is divided by 24.
20
Suppose -b = h + h - 44, 110 = 5*h - 3*b. Calculate the remainder when (-2898)/(-45) - (-10)/(-25) is divided by h.
20
Let r(i) be the third derivative of 4/3*i**3 - 1/12*i**4 + 0 - 4*i**2 + 0*i. Calculate the remainder when 88 is divided by r(-5).
16
Let b = 46 - 44. Suppose b*z = 4*z - 50. Suppose -l + 97 = -3*f, -32 = 2*l - 5*f - 226. Calculate the remainder when l is divided by z.
22
Let r(b) = 47*b - 634. Let d = -6 + 15. What is the remainder when r(14) is divided by d?
6
Let s = -82 + 144. Calculate the remainder when (12/(-12))/((-2)/s) is divided by 4.
3
Let q(m) = 2*m**3 - 2*m**2 + 2*m - 1. Suppose -2*y + 29 = -59. What is the remainder when (-5)/((-20)/(-12)) + 0 + y is divided by q(2)?
8
Let z = 10 - 7. Suppose 2*w = -z*w + 3*b - 8, 2*b = 2*w. What is the remainder when 27 is divided by 7*2 + (w - -5)?
12
Let m(s) = 2*s - 40. Let v be m(-18). What is the remainder when 14 is divided by (-33)/(-4) - (-19)/v?
6
Let c = 27 + -17. Suppose 0 = -3*u - 4*p + 160, u + 2*p = 3*p + 44. What is the remainder when u is divided by c?
8
Let i = 4 - -34. What is the remainder when i is divided by (3/(-2))/((-11)/(-880)*-6)?
18
Suppose -80 = 2*s - 7*s - 3*n, 2*s - 5*n - 1 = 0. What is the remainder when 100 is divided by s?
9
Let k = -32 + 48. What is the remainder when 56 is divided by k?
8
Suppose h = f + 45, 54*h + 5*f - 205 = 49*h. Calculate the remainder when 510 is divided by h.
37
Let w(p) = -4*p + 38. Calculate the remainder when w(-20) is divided by 24.
22
Suppose 4*w - 9*w = 10. What is the remainder when (w/6)/((68/384)/(-17)) is divided by 5?
2
What is the remainder when 222 is divided by 15*((-16)/(20/(-5)) + 1)?
72
Let t(y) = -4*y + 14. Let h be t(-9). What is the remainder when 63 is divided by 172/10 + (-10)/h?
12
Let v(x) = -3*x**2 + 15*x + 94. What is the remainder when 743 is divided by v(8)?
17
Let d(m) = m**2 - 2*m - 3. Let g = -47 + 52. What is the remainder when 35 is divided by d(g)?
11
Calculate the remainder when 56/2 + -4 + (-2 - -3) is divided by 15.
10
Let w(l) = -6*l**2 - 2*l + 2. Let a be w(1). Calculate the remainder when 81 is divided by 4/a + (-65)/(-3).
18
Let g = -20 + 43. Suppose -m - g = -2*m. What is the remainder when 91 is divided by m?
22
Let j(q) = -14*q - 18. Let d be j(-5). What is the remainder when 16 is divided by 230/26 + 8/d?
7
Let l(z) = -4*z**2 + 56*z - 41. Calculate the remainder when 303 is divided by l(13).
6
Suppose -4 = -0*b - 2*b, 4*v = -2*b + 60. Let o = 35 - v. What is the remainder when 2/5 - (-909)/15 is divided by o?
19
Let z(j) = j**3 + 4*j**2 - 6*j - 4. Let m = -7 + 3. Calculate the remainder when 77 is divided by z(m).
17
Let w(u) = -u**3 - 6*u**2 - 5*u - 2. Let o = 87 + -51. Let g = o + -21. Calculate the remainder when w(-6) is divided by g.
13
Let h(p) = 2*p**2 - 7*p + 5. Let g(u) = -u**3 + 18*u**2 - 16*u - 9. Let t be g(17). What is the remainder when h(t) is divided by 20?
17
Let m be 9/(-45) + 206/5. Let g = m - 28. Suppose -5*l + 26 + 164 = 0. Calculate the remainder when l is divided by g.
12
Let z(l) = -2*l**2 + 24*l + 29. What is the remainder when 57 is divided by z(12)?
28
Suppose 0 = 17*x - 6414 + 1722. Calculate the remainder when x is divided by 31.
28
Let t be ((-6)/(-3))/(3 - (-181)/(-61)). Let m = -38 + t. Calculate the remainder when m is divided by 14.
9
Let d(k) = -2*k**3 - 8*k**2 + 4*k - 12. Suppose -8 + 33 = -5*o. What is the remainder when 30 is divided by d(o)?
12
Suppose 5*z = 4 - 34. Let u(y) = -y**3 - 5*y**2 - 9*y - 12. What is the remainder when u(z) is divided by 8?
6
Let i(s) = 82*s - 459. Calculate the remainder when 243 is divided by i(6).
12
Let j(v) = -v**2 + 6*v - 3. Let a